uppose 4*c - 407 = -o, -7 = -y*o - 1. What is the tens digit of c?
0
Let p(z) = 3*z**2 - 6*z + 56. What is the units digit of p(24)?
0
Suppose 1199 = 4*v - y - 851, 2*y = 4*v - 2052. Suppose 5*g - v = g. What is the units digit of g?
8
What is the units digit of (-298)/((21/3)/(-14))?
6
Let c(i) = i**2 + 4*i - 2. Let k be c(-6). What is the tens digit of 15/k + (-278)/(-4)?
7
Let g(l) = -l**2 + 14*l + 14. Let z be g(15). What is the units digit of z*-10*(-1)/(-2)?
5
Suppose z + 2*h - 1834 = 0, 12*z - 2*h = 14*z - 3664. What is the thousands digit of z?
1
Suppose 4*k = k + 5*b - 22, 2*b - 6 = 4*k. What is the tens digit of (k*9/(-4))/(9/(-456))?
1
Suppose -2*z - 4 = 2*d - 0, -2*z + 2 = 4*d. Suppose -d*a = -4*a + 51. What is the units digit of a?
1
Let g = 942 - -93. What is the thousands digit of g?
1
Let f be (3 + -8)*-21 - -3. Suppose 67 = -v - f. What is the tens digit of (24/14)/((-10)/v)?
3
Suppose -13 = 4*g + 7. Let a = 23 - g. What is the units digit of a?
8
Let f(g) be the first derivative of 11*g**4/2 + 2*g**3/3 - g**2 + g + 11. What is the tens digit of f(1)?
2
Suppose -5*g - 68 = -0*q - 2*q, 4*q - 80 = -4*g. Suppose -2*x + 2 = 0, q = 2*d + 5*x - 47. Suppose -5*a + d = -2*a. What is the units digit of a?
1
Let x = -95 + 132. What is the tens digit of x?
3
Let w = 6 - 10. Let p(r) = -r**3 - 6*r**2 - 9*r - 1. What is the units digit of p(w)?
3
Let h(o) = -o - 2. Let c be h(-6). Suppose -a - 2*a = 2*x - 70, -2*x - c*a = -66. Let d = x + -23. What is the tens digit of d?
1
Suppose -2*d = -1 - 3. Suppose o + 23 = d*m, 2*m - 4*o - 18 = -2*o. What is the units digit of m?
4
Suppose -2*h = -4*x + 1332, -3*h - 147 - 1839 = -2*x. What is the units digit of 1/((-3)/h)*4/8?
0
Let o be -2 - (-3)/((-6)/(-4)). What is the tens digit of (o/(-1) - 0) + 44?
4
Let p(f) = -f**2 + 14*f + 2. Let i be p(14). Suppose r = i*d - 13 + 56, -r - 2*d + 43 = 0. What is the tens digit of r?
4
Let j(l) = l**3 + 12*l**2 - 14*l + 2. Let w be j(-13). What is the tens digit of (-1 + w/9)/((-10)/(-3315))?
2
Let c = -59 + 62. Suppose 2*q + 118 = 2*p + q, c*q + 59 = p. What is the units digit of p?
9
Let q(b) = 2*b + 187. Let z be ((-5 - -6)*0)/4. What is the tens digit of q(z)?
8
Let y = 189 - -1307. What is the hundreds digit of y?
4
What is the hundreds digit of 6/18 + 3074/3?
0
Let t(x) = 73*x + 39. Let l be t(15). Suppose 0 = -6*v + 13*v - l. What is the hundreds digit of v?
1
Suppose 1572*h = 1576*h - 9828. What is the tens digit of h?
5
Let g(u) = -u - 6. Let c(p) = p**2 + 12*p + 12. Let n be c(-10). Let z be g(n). Suppose -4*t + 59 = -z*r - r, r = -5. What is the units digit of t?
1
Let y(f) = -f**2 - 9*f - 1. Let j be y(-8). Suppose 0 = -5*k + 3 + j. Suppose -2*g + 3*v = -117, k*g + 3*v + 18 = 141. What is the units digit of g?
0
Let k(q) = -q**3 + 5*q + 3*q**3 - q - 3*q**3 + 6 + 3*q**2. Let f be k(5). What is the units digit of (-2)/5 - f/10?
2
Let x = 1010 - 363. What is the tens digit of x?
4
Suppose 0 = -i - 2*i + 4*i. Suppose 5*u - 5*s - 35 = 0, 2*u + 0*u - 5*s - 29 = i. What is the units digit of u?
2
Suppose 4*h + 5*z = -9, 4 = -h - 2*h - z. Let c be 7 + -5 + h/1. What is the units digit of (-54)/(3/(-2)*c)?
6
Suppose 4*j = 10 + 6. What is the tens digit of ((-4)/j - -27) + -1?
2
Let a = 800 - 712. What is the units digit of a?
8
What is the hundreds digit of 149/(4 + 28/(-8))?
2
Let h(w) = 148*w**2 - 73*w + 9. What is the tens digit of h(5)?
4
Suppose 0 = -2*u - 5 - 3. What is the tens digit of 56/(u*(-2)/16)?
1
Suppose b = -3*x + 181, 5*b - 714 = -x + 121. Suppose 3*a - 4*s = b, a + 4*s = 2 + 48. What is the units digit of a?
4
What is the tens digit of (-2479)/(-8) + 16/128?
1
Let h(c) = c**2 + c - 4. Let n be h(-3). Let s(d) = 18*d**2 + 6*d - 7. What is the tens digit of s(n)?
7
Let a(k) be the second derivative of -k**4/12 - 5*k**3/2 + 7*k**2/2 - 4*k. Suppose 13 + 14 = -3*m. What is the tens digit of a(m)?
6
Let s(f) = -f**2 + 12*f + 10. Let j be s(10). Let q be (1 + (-28)/20)*j. What is the units digit of 13 + (q/4)/(-3)?
4
Suppose 0 = -4*d + 3 + 9. Suppose -111 = -6*h + d*h. What is the tens digit of h?
3
Suppose 6791 = -17*o + 22992. What is the hundreds digit of o?
9
Let q(z) be the first derivative of 11*z**2/2 - 6*z - 11. What is the tens digit of q(5)?
4
Suppose 0 = 39*v - 17*v - 24068. What is the hundreds digit of v?
0
Let x(p) = -p**3 + 8*p**2 - p + 11. Let t be x(8). What is the units digit of 1*(-1 + t)*37?
4
Let o be (-3)/(-6)*2*82. Suppose 2*f + o = 4*f. Suppose -2*t = -d - f, -52 = -4*t - 3*d - d. What is the units digit of t?
8
Let i(w) = 7*w**3 + 2*w**2 - w - 1. Let g(j) = j**2 + j. Let y be g(-2). What is the tens digit of i(y)?
6
Suppose -37001 - 106639 = -63*w. What is the units digit of w?
0
Suppose -5*v + 2*x + 7296 = 0, x - 2922 = -5*v + 3*v. What is the tens digit of v?
6
Let p = 8847 - 4903. What is the hundreds digit of p?
9
Let t(g) = -10*g + 2. Suppose -5*a - 55 = -0*x + 4*x, -3*x - 36 = 3*a. Let z(o) = -7*o + 1. Let i(r) = a*z(r) + 5*t(r). What is the units digit of i(-6)?
9
Let z(i) = 13*i**2 - 2*i - 1. Let a be z(-1). Let n = a - -5. What is the tens digit of n?
1
Suppose -8*r + 0*r + 232 = 0. Let i = 55 + r. What is the tens digit of i?
8
Let n be (-144)/15 - (-2)/(-5). Let u be (-21)/(-35) + (-154)/n. Suppose i - 2 = u. What is the tens digit of i?
1
Let t = 52 + -38. Suppose -t*g = -10*g - 196. What is the tens digit of g?
4
Suppose -2*j - 39032 = 2*j. Let d be 2/(-5) + j/(-70). Suppose 0 = 5*g + 5*v - d - 226, v = 5*g - 371. What is the tens digit of g?
7
Let x(n) be the third derivative of n**6/120 + n**5/15 - 11*n**4/24 - n**3/3 - 8*n**2. What is the hundreds digit of x(6)?
2
Suppose 6*l + 2*l - 984 = 0. Suppose 0 = 2*v - l - 635. Suppose 69 = 7*n - v. What is the units digit of n?
4
Suppose -20 + 92 = -9*q. Let x(r) = r**2 - 6*r - 18. What is the units digit of x(q)?
4
Let j = -656 - -1644. Suppose 0 = -4*h - 0*b + 5*b + 797, 5*h + 2*b = j. What is the units digit of h?
8
Let d = 1225 - 690. What is the units digit of d?
5
Suppose 5*t + 39 = 4. What is the tens digit of (-355)/t + (-4)/(-14)?
5
Suppose -14*y + 6880 = 286. What is the units digit of y?
1
Let t = -4470 - -6915. What is the tens digit of t?
4
Let l(n) = n**3 + 2*n**2 + 2. Let t be l(-2). Suppose -72 - 78 = -t*m. Suppose 4*q - 39 = 5*w, 5*q - 3*w = -2*w + m. What is the tens digit of q?
1
Let q(v) = 2*v**2 + 14*v - 8. Let c be q(-13). Suppose -2*m - c = -6*m + 4*n, -4*n - 109 = -3*m. What is the units digit of m?
9
Suppose -2*k - 2 = -3*k. Suppose 2*w - 2 = k. What is the units digit of 68/(1 + 1) - w?
2
What is the tens digit of (-19400)/(-48) - (-3)/18*-1?
0
Let m = 33 + -33. Let q = m + 13. What is the units digit of q?
3
Let v = 2712 + -1613. What is the tens digit of v?
9
Suppose 713*v + 272 = 717*v. What is the tens digit of v?
6
Suppose 310 = 3*v - 2*i, -2*v + 202 = -10*i + 11*i. What is the units digit of v?
2
Let g(k) = 8*k - 20. What is the hundreds digit of g(56)?
4
Let c be ((-84)/(-15))/((-8)/60). Let r = 70 + c. What is the units digit of r?
8
Suppose 4*d - 4*r - 2672 = 0, -2*r = -0*r. What is the hundreds digit of d?
6
Let i(s) = -2*s**2 - 28*s + 5. Let l be i(-14). Suppose -5*n - 2*r + 81 = -4*n, 3*r + 431 = l*n. What is the tens digit of n?
8
Suppose 2*o = 3*o - 5, 3*o = 3*z - 6. Let j(p) = 3*p**2 - 2 - 13*p - z - 2*p**2 + 0. What is the tens digit of j(17)?
5
Suppose -3824 = 429*y - 445*y. What is the hundreds digit of y?
2
Let n(k) = k**2 - 11. Let t be n(0). Let y = 7 + t. What is the tens digit of -32*y/((-48)/(-9))?
2
Let m be (136/10)/((-5)/(-25)). Suppose m = y - 2*y. What is the units digit of y/(-8) - 1/(-2)?
9
Let i(o) = 21*o**2 - o + 43. What is the hundreds digit of i(6)?
7
Let n = 86 - 61. Let j = 110 - n. What is the units digit of j?
5
Suppose -4*p - 9505 = -0*p - 5*k, -3*p + 4*k - 7128 = 0. What is the hundreds digit of p/(-16) - 3/(-12)?
1
Let h be (7 + -4 + -4)/((-1)/4). Suppose -2*m + h*v = -6 - 234, -3*m + 363 = -3*v. What is the units digit of m?
2
Suppose 0*s = -2*s - 68. Let x = s - -56. What is the tens digit of x?
2
Let i(q) = 3*q**2 - 2*q + 2. Let m(v) = -v**3 + 4*v**2 + 11. Let h be m(5). Let o = h - -18. What is the units digit of i(o)?
2
Let k(q) = 16*q**2 - 14*q + 19. What is the units digit of k(11)?
